 -6 + 12. Suppose 2*y - 106 = -f. Suppose -2*z = 3*z - 25, -4*z = -3*n + 40. Calculate the greatest common factor of n and y.
10
Let u = 638 - 413. Let q(g) = g + 11. Let h be q(-3). Let b(p) = -2*p**2 + 16*p + 25. Let s be b(h). Calculate the highest common divisor of u and s.
25
Suppose -u + 1144 = 3*u - 4*w, -4*w + 1160 = 4*u. Calculate the highest common divisor of u and 160.
32
Let n = 20 + 71. Let p be -2 + (-108)/(-6) + -3. Calculate the highest common factor of n and p.
13
Let b be ((-13)/(-7) + -1)/((-39)/(-1365)). What is the greatest common divisor of 255 and b?
15
Let b(a) be the first derivative of -a**2/2 + 7*a + 1. Let g(o) = -2*o + 3. Let f be g(3). Let h be b(f). What is the greatest common factor of h and 10?
10
Suppose 4 = -t, -3*w - t + 12 = -8. Let b(h) = 2*h**2 + 15*h + 43. Let r be b(-4). Suppose 0 = r*f - 99 - 741. Calculate the greatest common divisor of f and w.
8
Let h(d) = -d**3 + 13*d**2 + 9*d - 45. Let j be h(13). What is the highest common divisor of 54 and j?
18
Suppose -4*t + 39 = -7*t. Let n(b) = b**3 + 13*b**2 + b + 18. Let g be n(t). What is the greatest common factor of 20 and g?
5
Let c be ((-1)/(-2))/(2/(-432)*-1). Suppose 13*g = 7*g + c. What is the greatest common divisor of g and 126?
18
Let b(j) be the third derivative of j**5/60 - j**4/8 + 6*j**2. Let k be b(5). What is the greatest common divisor of k and 10?
10
Let w be (-1)/(4 - (-1665)/(-417)). Let k = w - -239. Suppose 3*o - k = -2*o. What is the greatest common factor of o and 220?
20
Let u(n) = -n**3 + 5*n**2 - n. Let r(a) = 2*a**2 - 2*a. Let d be r(2). Let h be u(d). Let o = 3402 - 3306. What is the greatest common factor of h and o?
12
Suppose 41*s = 37*s + q + 222, -175 = -3*s + 5*q. Calculate the highest common factor of s and 605.
55
Suppose -7*m + 67 = -87. Let o be 3*(-3)/((-9)/2). Calculate the greatest common factor of m and o.
2
Suppose -2*l - 1 - 7 = 0. Let r = -2 - l. Suppose q - 168 = -0*k - 2*k, 0 = 4*q - r*k - 672. What is the highest common divisor of q and 21?
21
Let c(z) = -2*z**3 + 2*z + 69. Let w be c(0). What is the greatest common divisor of 207 and w?
69
Let p(o) = -90*o - 6. Let s = 26 - 27. Let x be p(s). Calculate the greatest common factor of x and 56.
28
Let n(b) = 2*b + 1 + b**2 + 2*b**2 + 3 + 1. Let d be n(-2). Calculate the greatest common divisor of 78 and d.
13
Let l be 99 - (3 - 0/(-7)). What is the highest common factor of l and 6?
6
Suppose 4*m + 20 = 0, -4*i - 2*m + 18 = -48. Calculate the greatest common factor of i and 19.
19
Let b(v) = v**3 + v**2 + 4. Let a be b(0). Let l = a + -1. Let w(c) = -c + 45. Let g be w(33). Calculate the greatest common divisor of l and g.
3
Suppose -h + 2*h = q + 39, -5*h - 93 = 3*q. Let t be -5 - ((1 - 6) + q). What is the greatest common factor of 252 and t?
36
Suppose 0 = -5*a + 1621 + 759. Calculate the highest common factor of 28 and a.
28
Let y = -637 - -862. What is the highest common divisor of y and 18?
9
Suppose 5*u - 40 = u. Let z(n) = -n**2 + 12*n + 10. Let l be z(u). Calculate the greatest common factor of l and 30.
30
Let h = -32 + 66. Let x be (-9 - 42)*54/(-9). Calculate the greatest common factor of h and x.
34
Let w = -517 + 751. Calculate the highest common divisor of 156 and w.
78
Let f(w) = 3*w - 18. Let x be f(12). Suppose 0 = 26*p - 31*p + 225. Calculate the highest common divisor of x and p.
9
Let a be ((-3)/2)/(3/(-4)). Suppose -3*f - 347 = g, 2*f = 3*f + 3*g + 105. Let u = f - -133. Calculate the greatest common factor of a and u.
2
Let y = 274 - 243. Suppose 790 + 574 = 4*w. What is the highest common divisor of w and y?
31
Let k be 1/(-1)*-2 - 6. Let t be -70*-1*k/(-10). Suppose t - 138 = -5*f. Calculate the greatest common divisor of f and 2.
2
Suppose -2*o - 3*o = -15. Suppose -2*a + 376 = -n, -o*n - 186 = -2*a + 186. Let g = a - 90. Calculate the highest common factor of g and 9.
9
Suppose 0 = 2*o + 463 - 1083. Calculate the highest common factor of o and 10.
10
Let x = 1615 + -1340. Let h = -2 - -3. Let v be 1/(h + (-24)/25). Calculate the greatest common factor of x and v.
25
Let m be -1 + 9 + (-15)/(-33 + 18). Let n(w) = -w + 11. Let v be n(5). Calculate the highest common factor of v and m.
3
Let u be (-4)/(-2) + 0 + 0. Let m be (-22)/4*(u - 4 - 0). Calculate the greatest common factor of m and 187.
11
Let a be 100/6*1584/60. Calculate the highest common divisor of 8 and a.
8
Suppose a - 5 - 7 = 0. Calculate the greatest common factor of a and 54.
6
Let v(k) = 5*k + 143. Let t be v(-25). What is the greatest common divisor of 882 and t?
18
Suppose 0 = 2*c - 10*s + 6*s - 928, -3*c = 3*s - 1356. Calculate the highest common factor of c and 57.
57
Suppose 4*r = k + 72, 3*k = 7 - 19. Suppose -r = 5*d - 127. What is the highest common divisor of d and 198?
22
Suppose 9*b + 32 = 11*b. Let v = 144 + -104. Calculate the greatest common factor of v and b.
8
Let a(o) = -2*o + 12. Let b be a(5). Suppose b*w - 5*w = -6. Let n be (5 + -1)*1 + 2. Calculate the highest common divisor of n and w.
2
Let x be (6/(-5))/(32/(-80)). Suppose -x*l - 2 = -4*l. Calculate the highest common divisor of 18 and l.
2
Let r(p) = -p**3 + 5*p**2 + p - 1. Let a be r(4). Let j(k) = 15*k**2 - 102*k + 8. Let b be j(8). What is the greatest common divisor of b and a?
19
Let i(z) = 0 - 30*z + 34*z + 132*z**2 - 3. Let j be i(1). What is the greatest common factor of 19 and j?
19
Suppose -4*y + 46 = -38. Let t = y + -18. Suppose -q + 3*z + 135 = 0, -2*q + 135 = -q + t*z. What is the highest common divisor of q and 15?
15
Suppose -2*b - z = -38, 2*b = 5*b - 3*z - 48. Suppose -5*t + 35 = 5*d, 0*d = 4*t - 5*d - 1. Suppose -t*w = w - 90. What is the highest common factor of b and w?
18
Let a(n) = n**3 + 11*n**2 + 4*n - 4. Let z be a(-10). Suppose -7*c - c + z = 0. Calculate the highest common divisor of c and 21.
7
Let l(b) = -b**3 + 30*b**2 + 97*b + 72. Let k be l(33). Calculate the greatest common divisor of 8 and k.
2
Suppose -8*y + 246 = -370. What is the greatest common divisor of y and 49?
7
Let r(u) = u + 19. Let v be r(-15). Suppose 0 = 4*x + p + 179 - 911, 3*p = -v*x + 740. Suppose 2*d = 9*d - x. What is the greatest common factor of 234 and d?
26
Suppose -12*j + 16 = -44. Suppose j*b = -5*d + 2*b + 861, -2*b - 851 = -5*d. What is the highest common factor of 19 and d?
19
Let n be 2*1/(-2) - -21. Let a be n/(-4)*324/(-15). Calculate the highest common factor of a and 12.
12
Suppose -85*o = -80*o + 330. Let j = o + 105. Calculate the highest common factor of j and 13.
13
Suppose -6*s + 27*s - 1386 = 0. Calculate the greatest common factor of s and 24.
6
Let f be 52/13 - 8/2. Suppose -5*t + 25 = -f*t. Suppose -320 = t*b - 1035. Calculate the greatest common factor of 13 and b.
13
Let u be 1/3 - (-170)/30. Suppose -u*y + 8*y = 0. Suppose q - 6*q + 95 = y. Calculate the greatest common factor of 95 and q.
19
Let k(v) = v**3 - 4*v**2 - 6*v + 5. Let d be k(5). Suppose f + 5*r = 6*f - 140, d = 4*r - 16. Calculate the highest common divisor of f and 352.
32
Let g(t) = 2*t + 16. Let w be g(10). Let s = -33 + w. Suppose -3*f = q - 4*f - 2, -s*f = -q - 8. What is the greatest common divisor of q and 49?
7
Suppose -3*w + m = -2*w + 3, -w - 8 = 4*m. Let o be -160*(8 + w - 5). Calculate the highest common factor of 20 and o.
20
Let t = 389 + -379. What is the highest common factor of 170 and t?
10
Suppose -2*p = 2*p - 24. Let a be (122/p)/(14/42). Let d = a + -25. Calculate the greatest common factor of 9 and d.
9
Let r be ((-100)/15 - -7)/(2/126). Suppose 3*k + r = 96. Let d = 6 - 1. What is the greatest common divisor of k and d?
5
Suppose 50 + 22 = 6*n. What is the greatest common factor of 1920 and n?
12
Let c(o) = o**2 - o + 60. Let g be c(0). Suppose 9*z - 10*z + 15 = 0. What is the highest common factor of g and z?
15
Let k(j) = j**3 - 11*j**2 + 6*j - 3. Let x be k(4). Let m = -63 - x. Calculate the greatest common factor of 7 and m.
7
Let a = 31 - 16. Let z(c) = 5*c + 0*c**3 - 10 + 4*c + c**3 - 6*c**2 + 0. Let w be z(5). What is the greatest common divisor of a and w?
5
Suppose -105 = -0*i - 5*i. Let x be (-8)/((((-64)/(-168))/2)/(-2)). Calculate the highest common factor of i and x.
21
Let j = -28 - 2. Let t be ((-3)/6)/(1/j). What is the highest common factor of t and 30?
15
